t o be k(-1). Calculate the greatest common divisor of 5 and o.
5
Let j = 0 - -5. Suppose 2 + 23 = j*v. Suppose 10*f = v*f + 90. What is the greatest common divisor of 54 and f?
18
Let x be (0 - -1) + (232 - -6). Let t = -63 + x. Calculate the highest common factor of t and 16.
16
Let f(n) = -n**3 + 8*n**2 + 9*n + 4. Let p be f(9). Let i be 22 + 6 + 3 + 1. What is the greatest common factor of i and p?
4
Suppose 5*a = 24 + 51. Calculate the greatest common factor of 60 and a.
15
Let n(j) = 9*j**2 - 13*j + 15. Let s be n(6). What is the greatest common divisor of s and 29?
29
Let j be (2 - 0) + -13 - 0. Let x = j - -19. What is the greatest common divisor of x and 56?
8
Let k(g) = 11 - g - 2*g - 4*g + 6*g. Let w be k(11). Suppose 7*p - 4*p - 240 = w. Calculate the greatest common factor of 20 and p.
20
Let t be (-126)/6*(13/(-3) - -1). Calculate the highest common factor of 21 and t.
7
Suppose 0 = 2*l - 4*l + 120. What is the highest common divisor of l and 15?
15
Let x(c) = -c**2 + 4*c - 1. Let d be x(4). Let z(g) = -17*g. Let i be z(d). What is the greatest common factor of i and 34?
17
Let f be 2 + 4 + -1 + -4. Calculate the greatest common factor of 4 and f.
1
Let a be (1 - 1)/(-4 + 6). Suppose 0 = 5*d + 25, a = -2*s + 5*s - 4*d + 106. Let c be (2/(-3))/(2/s). What is the highest common divisor of c and 21?
7
Suppose -4*n = k, -2*k - 25 = -7*k + 5*n. Suppose -4*z - 3*v = -v - 46, -k*z + v = -43. What is the highest common factor of z and 22?
11
Suppose -6*n + n = -10. What is the greatest common divisor of 3 and n?
1
Suppose 0 = 2*a - j - 28, -4*j - 32 = -3*a - 0*j. Let k = a + 1. What is the highest common factor of 17 and k?
17
Suppose 65 + 19 = 3*w. What is the highest common factor of 4 and w?
4
Let n = 153 + -72. What is the greatest common divisor of n and 9?
9
Let z be ((-4)/(-6))/(1/(-9)). Let v be (-8)/z - (-2)/3. Suppose 5*i = 6*j - 2*j + 128, -4*i - v*j + 118 = 0. Calculate the highest common factor of 7 and i.
7
Let w(o) = -o**2 + 4 + 7*o - o**3 + 6*o**2 + o**2. Suppose 0 = 3*i - 13 - 5. Let t be w(i). Calculate the greatest common factor of 69 and t.
23
Suppose 3*y - 23 = 1. Let j(c) = -c**2 + 8*c + 8. Let f be j(y). Suppose -i = -5 + 3. What is the greatest common factor of i and f?
2
Suppose -4*c + 2*c = -28. Suppose -4*r = 2*f + 64, 3*f - 6*f = -r - 9. Let v be (14/(-6))/(1/r). Calculate the greatest common divisor of v and c.
7
Let f = -3 + -2. Let g(h) = h**2 - 7*h - 6. Let w be g(f). Calculate the greatest common divisor of 6 and w.
6
Suppose 5*c - 5*t = 0, -c - 5*t = -t - 10. Suppose 4 = c*y - 28. Let i = y + -5. What is the highest common factor of i and 77?
11
Suppose 3*l = -l + 8. Let m be 0/(-1) + 4/l. Let r be 5 + -3 + 4 + 4. Calculate the highest common factor of m and r.
2
Suppose 3*c + 36 = c. Let r be (1/3)/((-3)/c). What is the highest common divisor of 10 and r?
2
Let i(s) = -s**3 - s**2 + 5*s - 3. Let q be i(-4). Calculate the highest common factor of 225 and q.
25
Suppose -q - 4*p + 95 = 0, 4*q + 5*p + 16 = 341. Let r = q + -12. Calculate the greatest common factor of r and 42.
21
Suppose p + p = 4. Suppose p*h - 5*j - 3 = 4*h, h = -2*j. What is the highest common factor of 3 and h?
3
Let i = 31 + -26. Calculate the highest common divisor of i and 65.
5
Let r be (-112)/(-11) - (-16)/(-88). Calculate the greatest common factor of 70 and r.
10
Suppose 0 = 78*v - 75*v - 207. Calculate the highest common factor of 46 and v.
23
Let y = -30 + 46. Suppose -5*x = -234 - y. Calculate the highest common factor of 20 and x.
10
Suppose o + 3*o - 36 = 0. Suppose -2*f + o = 1. Calculate the highest common factor of f and 36.
4
Let s be -3 + (1 - 70*-1). What is the highest common divisor of s and 34?
34
Suppose 3*l = 7 + 44. What is the greatest common divisor of 136 and l?
17
Let q = -194 + 318. Suppose -d - 41 = -109. Let a = q - d. Calculate the highest common factor of 8 and a.
8
Suppose 0 = a - 3*a + 12. Let r be ((-12)/(-9))/(2/45). What is the highest common factor of r and a?
6
Let n(g) = -2*g**2 + 10*g + 21. Let m be n(6). Let h = -79 + 160. Calculate the greatest common factor of h and m.
9
Let q be (1/(-2))/(3/(-6)). What is the greatest common factor of q and 1?
1
Let t(s) = -s**2 - 23*s + 24. Let j be t(-21). What is the greatest common factor of j and 6?
6
Suppose 2*i + 254 = 300. Calculate the greatest common factor of 299 and i.
23
Let d = 94 + -54. Calculate the highest common factor of d and 5.
5
Suppose 0 = -3*l + 129 - 45. Let s be (-55)/(-4) + (-2)/(-8). What is the greatest common factor of l and s?
14
Let a(v) = 8*v**2 - 2*v**2 - 2 - 7*v**2 + 8*v. Let y be a(6). Calculate the highest common divisor of 10 and y.
10
Suppose -3405 - 641 = -17*o. Calculate the highest common factor of o and 14.
14
Let r be 26*4/24*-3. Let u = r + 23. What is the greatest common divisor of 15 and u?
5
Suppose 2*x - b = b - 8, -4*b = -16. Let r(l) = l + 45. Let c be r(x). Calculate the highest common factor of c and 15.
15
Suppose 3*u - 109 = -2*b, -5*u - b + 72 = -105. What is the greatest common factor of 5 and u?
5
Let y = 30 - 19. What is the greatest common factor of 55 and y?
11
Let v(h) = -h**2 - 4*h + 2. Let b be v(-4). Let w be (-10)/3*120/b. Let y = w + 354. Calculate the greatest common factor of 14 and y.
14
Suppose -8 = -4*q + 2*q. Let l be (-1 - 17) + (4 - q). Let x be (-4)/l - 376/(-9). Calculate the highest common factor of 28 and x.
14
Let k(f) = -f**3 + 6*f**2 - 7. Let y be k(5). Suppose -3*a = -2 - 25. What is the highest common divisor of a and y?
9
Suppose -5*c + 11 = -19. Suppose -4*u = r + 3*r - 84, 3*r = c. What is the highest common factor of 171 and u?
19
Let z(n) = -4*n + 6. Let k be z(-3). Calculate the greatest common divisor of k and 6.
6
Suppose -5*s + 15 = 5*v, 4*v + v - 10 = -4*s. Calculate the highest common factor of s and 2.
1
Let r = 107 - 31. Calculate the greatest common factor of 19 and r.
19
Suppose 0*c + 20 = 4*c. Let g be -1*(-1*2 - -2). Suppose 5*t - 5 - 70 = g. Calculate the greatest common divisor of c and t.
5
Let b(i) = -i + 46. Let o be b(-19). Let s = 17 + -4. Calculate the highest common divisor of s and o.
13
Let m = -174 + 251. Let o = 27 + -16. What is the greatest common factor of o and m?
11
Suppose -k + 15 = -2. Let i be (-1126)/(-6) - 4/6. Calculate the highest common divisor of i and k.
17
Let x = -4 - -7. Suppose x*b = 4*b - 2. Suppose -b*g = g - 42. Calculate the greatest common divisor of g and 7.
7
Let h(d) = 2*d - 5. Let y be h(5). Suppose y*p - 35 = -0*p. Calculate the highest common divisor of 21 and p.
7
Let j = -12 - -21. Let v = 1 + 13. Suppose 2*i - 22 = -4*t, -4*t - t = i - v. What is the greatest common divisor of j and i?
9
Suppose 2*b + 109 - 353 = 0. Suppose -4*q + 0*q + 2*r = -b, -3*r = -15. What is the highest common factor of 22 and q?
11
Let r be (6/3)/((-2)/(-80)). Let u be -9 + 5 + 0 + -32. Let t be 62/3 + 24/u. Calculate the highest common factor of t and r.
20
Let j be (5/2)/(1/2). Suppose -4*d = -0*u - 3*u + 146, 5*u - 245 = j*d. Calculate the highest common factor of 20 and u.
10
Suppose 2*g = 3*k + 41, -g + 4*k + 40 = g. What is the greatest common factor of g and 154?
22
Let u(q) = -q**3 + 7*q**2 - 9*q + 2. Let x be u(7). Let t = -21 - x. What is the highest common divisor of t and 60?
20
Let f = 1 + 4. Suppose 3*r - 4*u = -3*u + 20, -23 = -4*r + f*u. What is the highest common factor of r and 56?
7
Let c(z) = z**2 - 8*z - 12. Let t be c(9). Let p be (7 - (-1 - -4)) + t. What is the greatest common divisor of 5 and p?
1
Let h(s) = s**2 - 8*s - 4. Let b be h(9). Suppose 0 = b*k + 8 - 98. Calculate the greatest common divisor of 12 and k.
6
Suppose 2*y = 3*y - 3. Suppose 2*c - 1 = 5. Suppose b - 5*g - 435 = -y*b, 2*g = c*b - 328. What is the greatest common divisor of 10 and b?
10
Suppose 3*f + 2*f = 85. Suppose 5*o + f + 2 = -3*d, o + 3*d = -11. Let z be 2 + o + 11 + 1. What is the highest common divisor of 96 and z?
12
Suppose -l = 2*l. Suppose l = -0*m - 4*m. Let c be 36 + m/(0 + -3). What is the highest common divisor of c and 9?
9
Let z be 4*(0 - 1/(-2)). Let v be (z - 1)*2*1. Suppose 22 + 22 = v*w. Calculate the highest common factor of w and 33.
11
Suppose 4*n = 5*m + 180, -n = -0*n + 4*m - 45. Calculate the greatest common fa